9) a composite number?
False
Suppose -4*v - 3*q + 28 = 0, 0 = -8*v + 3*v + 4*q + 4. Let h be (2/(-2) + -2)*-4. Is (-9)/h + 87/v prime?
False
Suppose 2*m = -3*m. Suppose -j + y = j - 1, y + 5 = m. Is j/(-12) - (-473)/6 a prime number?
True
Let o = 2269 - 1480. Is o prime?
False
Let t(j) = 3*j - 8. Let b(g) = g - 1. Let r be b(7). Is t(r) prime?
False
Suppose 3*c - 2 = c. Suppose a - 4 - 209 = -4*i, -c = -a. Is i a prime number?
True
Suppose 11*f - 9*f - 838 = 0. Is f a composite number?
False
Suppose 0 = -5*g + 4*j - 5, 3*g - j = 5*g - 11. Suppose g*f = 14 + 28. Is f a prime number?
False
Suppose -25 = -5*f - g, -3*g = 3*f - 12 - 15. Suppose -f*i = -935 + 203. Suppose -i = -4*y + 197. Is y prime?
False
Is (-2 - -542) + (-6)/(-2) composite?
True
Suppose -2*l - 5 = -4*n - 169, -n + 174 = 2*l. Let w = l + -48. Is w a prime number?
False
Let c = -358 - -655. Let m be 0 + 5 + -3 - c. Is (-7)/(-28) - m/4 composite?
True
Is ((-316)/6)/(18/(-27)) prime?
True
Suppose 5*p + 2463 = 8*p. Is p composite?
False
Let w(x) = -3*x**3 + 4*x**2 - x - 2. Let o be w(-3). Suppose -o = -3*n + n. Is n composite?
False
Is 2 + 1 + -3 - -301 a composite number?
True
Let s(y) = 4*y**3 - 3*y**2 - 15*y + 5. Is s(6) composite?
True
Suppose 89 + 83 = -4*q. Let u = -24 - q. Is u a composite number?
False
Suppose -5*u - 4*q = -21, 10 = -u + 3*u + 2*q. Is (50/(-20))/(u/(-142)) composite?
True
Let j(v) = -v - 7. Let u be j(-8). Is 31/((2 - 1)*u) prime?
True
Is ((-2 - -3) + 416)*1 prime?
False
Let a(u) = 2*u - 5. Let r be a(5). Suppose r*h - 620 = h. Suppose 3*o + z - 3*z - h = 0, -o = -3*z - 47. Is o a prime number?
True
Let b be 1/(-4) + (-106)/(-8). Suppose -q - 3*x + 6*x = -b, -3*q = 4*x - 39. Is q prime?
True
Suppose -5*l = 0, 4*w - 20 = -0*w + 2*l. Suppose 3*m + 0*k - 270 = -k, 0 = w*m + k - 452. Suppose 0 = 2*c - c - m. Is c prime?
False
Let l = -507 - -727. Suppose -2*x = -3*x - 3*s + l, 4*x + 4*s - 856 = 0. Is x a prime number?
True
Let c = -10 + 0. Let p(x) = x**2 + 7*x + 7. Is p(c) a prime number?
True
Suppose 9 = q + 5*k - 4, -2*q + 4*k = 2. Suppose 235 = 4*l - q*l. Is l composite?
True
Suppose -2*g = 3*g - 15. Let x = 251 + -138. Suppose o = 3*j - 79, -x = 2*j - 7*j - g*o. Is j composite?
True
Let m(i) = i**3 - i**2 + i - 1. Let y be (-30)/(-25) + 2/(-10). Let t be m(y). Is (2 - t)*28 - 1 a prime number?
False
Let n = 0 - 79. Suppose -3*w = 90 + 9. Let z = w - n. Is z composite?
True
Suppose -24 = -0*p - 2*p - 4*u, -4*u + 16 = 0. Let h be p/6 - (-1880)/24. Suppose -5*k + 86 = -h. Is k a composite number?
True
Let n(o) = -2*o**3 - 3*o**2 - o - 2. Let s be n(-2). Suppose -2*g = -s*g. Suppose g = -0*j + 5*j - 395. Is j a composite number?
False
Suppose -787 = -2*a - 241. Let z = a + -94. Is z a prime number?
True
Is 2 + (-6 - -3)*-37 prime?
True
Let d(i) = 43*i**2. Let v be d(-1). Let a be (-4)/10 + 552/(-20). Let x = a + v. Is x prime?
False
Let l be ((-1)/(-3))/(1/9). Let u(d) = d**2 + 6*d**2 + 3*d - l - 6*d**2. Is u(3) a prime number?
False
Let b(n) = -4*n**2 - n. Let g be b(-1). Let x be (1 - 3) + 10/2. Is (1 - -46 - g) + x composite?
False
Suppose 0 = -2*u - 0*u + 5*n - 21, u - 12 = -2*n. Suppose 0 = -u*l - 2*l + 24. Suppose -f = -3, -2*f + l*f + 173 = 5*o. Is o prime?
True
Suppose -5*j + 15 = -0. Suppose -2*x + 6 = 0, j*x + 15 - 37 = -s. Is s prime?
True
Suppose -5*p + p + 1224 = -4*n, p - 5*n = 318. Is p a prime number?
False
Let r = 1470 + -299. Is r a prime number?
True
Suppose -4*z = s + 2*s - 41, -2*z = -3*s - 43. Is z a composite number?
True
Let j(m) = 54*m - 1 + 0 + 74*m. Suppose 7*k - 1 = 6. Is j(k) prime?
True
Suppose 2*y - 4*i = 3*y + 15, -2*i - 3 = 5*y. Let k(x) = 62*x**2 + x. Let d be k(y). Suppose -3*v + 270 - d = 0. Is v a prime number?
False
Let q(w) = w**3 + 7*w**2 + 10. Is q(-7) prime?
False
Suppose -2*o - 39 = 3*o + f, -f - 4 = 0. Let d(v) = -98*v - 9. Is d(o) composite?
False
Let m(j) = j**3 + 6*j**2 - 7*j - 6. Let t be m(-7). Is (-148)/(-16) - t/8 composite?
True
Let k(b) = 7*b**2 - b. Let w be k(-1). Suppose 3*p = u + 33, -2*p + 4*u = -u - 9. Is 406/w + 3/p a prime number?
False
Let l = -6 - 1. Let h(g) = -g**3 - 8*g**2 - 9*g - 5. Is h(l) a prime number?
False
Let i be 2/5 + (-24)/(-15). Suppose 5*t - 236 + 51 = 0. Suppose -p - i = -t. Is p a composite number?
True
Suppose 0 = n, n + 2*n = 3*z + 6. Let t(p) = -91*p - 2 + 1 + 2 - 10*p. Is t(z) prime?
False
Suppose -y + 240 + 54 = -3*x, 3*y + 3*x - 858 = 0. Suppose 0 = 5*f + 53 - y. Is f prime?
True
Is 1731 - 8/(-12)*3 a composite number?
False
Let b(x) = 3*x**3 + 4*x**3 - 7*x**3 - x**3 - 8 - 8*x**2 + 6*x. Is b(-9) composite?
False
Let x(p) = 67*p - 1. Let m be x(1). Suppose -m - 172 = -2*q. Suppose -2*c - w = 4*w - q, 0 = w + 3. Is c composite?
False
Suppose 290 = 11*o - 5661. Is o prime?
True
Let i = 2 + 0. Suppose 5*j = 5*s + 20, 5*s - i*j + 13 + 4 = 0. Is 33*s/(-9)*3 prime?
False
Let o(y) = -y**2 - 12*y - 9. Suppose 0 = 3*v - 3*z + 15, 4*v + 0*v - z = -35. Is o(v) composite?
False
Suppose -3*o - 4 - 2 = 0. Let c(m) = 78*m**2 + 4*m + 3. Is c(o) composite?
False
Let q(f) = f**3 + 15*f**2 - 4*f + 1. Is q(-10) composite?
False
Let w(m) be the second derivative of -m + 0 + 1/2*m**2 + 1/20*m**5 - 1/6*m**4 - 5/6*m**3. Is w(4) a prime number?
True
Let y(x) = 4*x**2 - 6*x + 6. Let n(i) = 3*i**2 - 5*i + 7. Let b(w) = 3*n(w) - 2*y(w). Is b(7) a prime number?
True
Suppose 5*h + 3*d = 4*d - 8, 0 = h + 4*d + 10. Is (-384 - -2)*1/h a prime number?
True
Let t(w) = -32*w - 7. Let o = -7 - -4. Is t(o) a prime number?
True
Suppose -5*z - 4*b = 0, 23 - 8 = 3*b. Let h = z - -11. Is h a composite number?
False
Let r be (-133)/28 + (-6)/(-8). Let k(j) = -64*j + 9. Is k(r) a prime number?
False
Suppose -i + 2507 = -2*a, a + 0*a - 4 = 0. Is i prime?
False
Let l(o) = -9*o - 4. Suppose -z = 6 - 3. Let t be l(z). Let p = -16 + t. Is p prime?
True
Suppose -1142 = -3*a + 3*w - 371, -2*a = 4*w - 490. Is a prime?
False
Suppose -2 - 4 = -2*h + 2*x, 4*x = -h + 23. Is h prime?
True
Let r(i) = i**2 + i + 419. Is r(0) a composite number?
False
Suppose 4*x + 4*q - 572 = -0*x, x + 2*q = 141. Is x prime?
False
Let k = 802 - 454. Suppose 4*d - 327 = -3*n, 2*n = 5*n - 3*d - k. Is n a prime number?
True
Let c(u) = u**3 + 4*u**2 - u - 4. Let j be c(-4). Suppose j = g - 5*i - 11 - 13, -g + 2*i = -12. Suppose g = 2*z, -4*h = -h - 2*z - 155. Is h a prime number?
True
Let w = 3 - 0. Suppose -w*b + 7*b - 844 = 0. Is b composite?
False
Let z = -13 + 18. Let o be 2/(-5) - (-2)/z. Suppose 68 = 5*s + l, o = 4*l - 2*l + 4. Is s prime?
False
Suppose 62 + 231 = b. Is b a prime number?
True
Let k(q) = q**2 + 9*q + 6. Let g be k(-8). Is (119/g)/((-2)/4) prime?
False
Let l(y) = y**2 + 16*y + 7. Let b be l(-7). Let f = 1 + 2. Let v = f - b. Is v prime?
True
Suppose 0 = 2*p - p - 28. Suppose 3*w = -w + p. Is w composite?
False
Let i(f) = -8*f - 11. Is i(-8) composite?
False
Let f(k) = -15*k**3 - 2*k**2 - 2*k - 3. Let o(j) = 14*j**3 + 2*j**2 + j + 2. Let a(h) = -3*f(h) - 4*o(h). Suppose -l + 5*l + 8 = 0. Is a(l) prime?
False
Suppose 130*t - 3065 = 125*t. Is t a composite number?
False
Let t = 346 - 241. Suppose -t = -6*q + 3*q. Is ((-2)/(-5))/(1/q) prime?
False
Let w(p) = p**2 + p - 4. Let d be w(-3). Suppose -2*g + 34 = -4*l, 2*g - g = -d*l + 21. Is g a composite number?
False
Let x = 8 + -5. Let u be -3 - -6*171/3. Suppose 6*q = x*q + u. Is q a composite number?
False
Suppose 3*p - 9 = -5*h, -1 = h + 5*p - 16. Suppose -u + 23 = -h*u + 5*q, 3*u = -q + 13. Let r(o) = 2*o**3 + o - 4. Is r(u) a prime number?
True
Suppose 436 = 4*a - 744. Is a a composite number?
True
Let s = 869 + -1293. Let c = -177 - s. Is c a composite number?
True
Suppose i = 6*i - 10. Suppose i*l = l + 37. Is l a prime number?
True
Let k(m) = m**3 + 3*m**2 + 4*m - 1. Let w(r) = -r - 4. Let t = -22 - -14. Let c be w(t). Is k(c) a prime number?
True
Let a(y) = -4*y**2 + 6*y + 7. Let g be a(5). Let h be (-9)/15 - 294/10. Let m = h - g. Is m prime?
False
Suppose -2*j = -44 - 8. Suppose 132 = i + j. Is i a prime number?
False
Suppose 16948 = 5*c - n, c = -3*c - 5*n + 13541. Is c prime?
True
Let x = 3 - -1. Is 23*2*4/x a prime number?
False
Let f(w) = 3*w**3 - 2*w**2 + 1. Let g be f(1). Suppose g*x - 72 = 6*x. Is 3/x + (-133)/(-6) a prime number?
False
Let o = -5 - -11. Let n(m) = -2 